, what is 4 - 1300?
-12fc
In base 9, what is 5 - 7110?
-7104
In base 15, what is a1 + 18?
b9
In base 2, what is -11 + -1110?
-10001
In base 13, what is 6c + -4?
68
In base 16, what is b5 + -3?
b2
In base 12, what is 3 - -36a2?
36a5
In base 9, what is 74 - 1?
73
In base 16, what is 71 - -5?
76
In base 4, what is -10 + 200023?
200013
In base 7, what is 5 + 144?
152
In base 15, what is 5 - -221?
226
In base 3, what is -102 + 110?
1
In base 12, what is 4b59 + -4?
4b55
In base 5, what is -10043 + 0?
-10043
In base 8, what is 3262 + -5?
3255
In base 14, what is -2 + 9c?
9a
In base 8, what is 334 - -2?
336
In base 3, what is 110221 + -200?
110021
In base 3, what is 10210 + -1?
10202
In base 10, what is -14 + 41?
27
In base 14, what is 57 - 8?
4d
In base 13, what is -204 + 0?
-204
In base 16, what is -e6 - 2?
-e8
In base 2, what is 101 + 11000000100?
11000001001
In base 8, what is 23 + 17?
42
In base 12, what is -17 + -14?
-2b
In base 7, what is 362 - -3?
365
In base 6, what is 1110 + 5?
1115
In base 9, what is 428 + -11?
417
In base 10, what is 20 - 9?
11
In base 14, what is -22 - 14?
-36
In base 13, what is 9 - -102c?
1038
In base 15, what is -c - -36?
29
In base 8, what is -575 - 0?
-575
In base 10, what is -5 - 254?
-259
In base 12, what is -35 - 23?
-58
In base 14, what is 5 - 39a?
-395
In base 9, what is 6 - 205?
-188
In base 13, what is -2 - -12?
10
In base 14, what is -1 - -49?
48
In base 16, what is 12f - -4?
133
In base 4, what is 3 - 13303?
-13300
In base 12, what is 1b0 - 4?
1a8
In base 7, what is 221 + 0?
221
In base 6, what is 135 - -12?
151
In base 4, what is -2 - 3121?
-3123
In base 11, what is -329 - -1?
-328
In base 13, what is 38 + -8?
30
In base 11, what is 2 + 64?
66
In base 13, what is -962 + -3?
-965
In base 4, what is 1 - -302?
303
In base 10, what is -3 + 42?
39
In base 2, what is -10011 + 10010010?
1111111
In base 13, what is 5 - -210?
215
In base 7, what is -263 + -3?
-266
In base 5, what is 1114 + 4?
1123
In base 7, what is 2 + -26?
-24
In base 14, what is -14b + -3?
-150
In base 14, what is 49ac + -1?
49ab
In base 4, what is 3 - 12301?
-12232
In base 2, what is -10111 - 100?
-11011
In base 3, what is -12 - -22?
10
In base 16, what is -22 + -1?
-23
In base 11, what is 4 + -145?
-141
In base 5, what is -24 + 3221?
3142
In base 12, what is 865 - -3?
868
In base 14, what is -5 - -22?
1b
In base 9, what is 440 - 5?
434
In base 9, what is 4 + -58?
-54
In base 9, what is -278 - -13?
-265
In base 15, what is -8 - -86?
7d
In base 6, what is 1111 + -32?
1035
In base 6, what is 141 - -304?
445
In base 13, what is -386 - a?
-393
In base 10, what is -3 - 209?
-212
In base 15, what is -9a1 + 3?
-99d
In base 5, what is 14 + -11?
3
In base 10, what is 29 - 5?
24
In base 6, what is 3 - -20?
23
In base 16, what is 29 - -2?
2b
In base 8, what is 22 + -115?
-73
In base 2, what is 10000000 - 100?
1111100
In base 3, what is 2100 + 10?
2110
In base 9, what is -10012 - 5?
-10017
In base 12, what is 8 - -17a?
186
In base 14, what is -3 + -609?
-60c
In base 7, what is 6 + -3462?
-3453
In base 4, what is 10231 - 2?
10223
In base 9, what is -12 + 8?
-3
In base 13, what is -a - -9?
-1
In base 11, what is -163 - -2?
-161
In base 15, what is -726 - -2?
-724
In base 12, what is 6 + 1a51?
1a57
In base 4, what is -1 - -32?
31
In base 3, what is 1101102 + -1?
1101101
In base 2, what is 0 - 1001101110?
-1001101110
In base 3, what is -2220 + 1?
-2212
In base 11, what is 495 - 3?
492
In base 4, what is -3 - -11312?
11303
In base 13, what is -530 + -2?
-532
In base 15, what is -d - -6c?
5e
In base 12, what is -3a5 + 0?
-3a5
In base 13, what is -4 + -1405?
-1409
In base 7, what is -2 - 32265?
-32300
In base 3, what is 101022 + 210?
102002
In base 12, what is -3 - -8?
5
In base 9, what is 102 + 3?
105
In base 5, what is -31104 + 12?
-31042
In base 13, what is 2 + 307?
309
In base 3, what is -110001 - -100?
-102201
In base 10, what is 0 + 1242?
1242
In base 11, what is -155 + 5?
-150
In base 12, what is -32 - b?
-41
In base 11, what is 1751 + -4?
1748
In base 8, what is 6 - -106?
114
In base 10, what is -991 - -4?
-987
In base 7, what is -13 + -15?
-31
In base 11, what is 7 - -17?
23
In base 14, what is 28 + -7?
21
In base 9, what is 14562 - -5?
14567
In base 3, what is 110 - -100?
210
In base 10, what is -310 - -5?
-305
In base 3, what is -1020002 + 0?
-1020002
In base 7, what is 10 - 3?
4
In base 6, what is 4 - 0?
4
In base 4, what is -3102301 - 3?
-3102310
In base 15, what is 25 - -7?
2c
In base 11, what is 178 + -68?
110
In base 10, what is 1 - -7?
8
In base 16, what is -4104 + -5?
-4109
In base 14, what is 24 + -53?
-2d
In base 9, what is -5 + -12?
-17
In base 6, what is 30 - -315?
345
In base 12, what is -111b - -6?
-1115
In base 15, what is -e + 10c?
ed
In base 5, what is -4220 - -1?
-4214
In base 16, what is 36 - -1?
37
In base 3, what is -1200 - -12?
-1111
In base 16, what is -235 - -4?
-231
In base 9, what is 220 - 0?
220
In base 4, what is 11 - 132?
-121
In base 15, what is 1b3 + d?
1c1
In base 10, what is 14115 - 0?
14115
In base 10, what is -116 - 3?
-119
In base 8, what is -754 + -2?
-756
In base 8, what is -235 + -23?
-260
In base 10, what is 27 - 53?
-26
In base 7, what is 0 - 155?
-155
In base 3, what is -10101001 - 21?
-10101022
In base 5, what is 2140 + 3?
2143
In base 11, what is -17 + -1?
-18
In base 9, what is -4 + 2424?
2420
In base 14, what is 100 - -5?
105
In base 2, what is -10 - -11100010100?
11100010010
In base 14, what is -2c - -12b?
dd
In base 4, what is -23 + 1221?
1132
In base 13, what is 4 - 9?
-5
In base 16, what is 2 + -4c?
-4a
In base 8, what is 2 + 172?
174
In base 13, what is a1 - 0?
a1
In base 11, what is -1 + 188?
187
In base 8, what is -22140 - 2?
-22142
In base 9, what is 2 - 306?
-304
In base 7, what is -3 + 4144?
4141
In base 12, what is -1128 + -2?
-112a
In base 8, what is -2436 + -3?
-2441
In base 6, what is -523 - 4?
-531
In base 14, what is 3 + -17?
-14
In base 7, what is -1121 - 6?
-1130
In base 5, what is -22130 - 4?
-22134
In base 11, what is -3 - -a1?
99
In base 10, what is 0 + 2?
2
In base 4, what is -3012 + -1?
-3013
In base 10, what is -35 + 3?
-32
In base 9, what is 0 + 16?
16
In base 3, what is -22 + 11?
-11
In base 5, what is 20 - -211?
231
In base 7, what is -1023 - -3?
-1020
In base 16, what is b0 - 6?
aa
In base 11, what is -2 + a1?
9a
In base 7, what is 5 - -3?
11
In base 6, what is -2 + 254?
252
In base 15, what is -13 - -16?
3
In base 6, what is -2044 + 3?
-2041
In base 16, what is -75 + -3?
-78
In base 12, what is 19 + -1?
18
In base 5, what is -3 + -103?
-111
In base 9, what is -31 - -8?
-22
In base 2, what is -1 - -10111001?
10111000
In base 8, what is -2206 + 2?
-2204
In base 8, what is -510 - -35?
-453
In base 12, what is -5 - 1085?
-108a
In base 13, what is -28 - -19?
-c
In base 6, what is 3 + 10505?
10512
In base 6, what is 4 + -512?
-504
In base 12, what is 2293 - 5?
228a
In base 16, what is -18 - -44?
2c
In base 5, what is 1 - 3241?
-3240
In base 4, what is 3002 + -2?
3000
In base 4, what is -2 - 10001?
-10003
In base 15, what is -da - -1c?
-bd
In base 5, what is 1002 - 4?
443
In base 5, what is 4 + -341?
-332
In base 11, what is -1 + 420?
41a
In base 16, what is f - -97?
a6
In base 14, what is 24 - -16?
3a
In base 3, what is -100212 - -1202?
-22010
In base 8, what is 0 - -1?
1
In base 7, what is 560 + 4?
564
In base 7, what is -1 - 315?
-316
In base 15, what is -4 - -178?
174
In base 13, what is -14 + a?
-7
In base 10, what is -22 - -2?
-20
In base 4, what is -122 - 3?
-131
In base 7, what is 241 + -3?
235
In base 2, what is -10110 + 100100?
1110
In base 13, what is 2 - 398?
-396
In base 2, what is -100 - -1?
-11
In base 14, what is -70 + c?
-62
In base 7, what is 10226 + -3?
10223
In base 8, what is 3 + -73?
-70
In base 15, what is 13 - d?
5
In base 4, what is 32 + 22?
120
In base 6, what is -14401 - 1?
-14402
In base 15, what is 2a - -5?
30
In base 9, what is -1488 - 3?
-1502
In base 9, what is 5 + 1348?
1354
In base 16, what is 6a + -7?
63
In base 2, what is 101 - 10100?
-1111
In base 11, what is -4 + -23a6?
-23aa
In base 8, what is 2623 + -7?
2614
In base 2, what is -1 - 1110101101000?
-1110101101001
In base 6, what is 1 - 4420?
-4415
In base 5, what is -140 - -1?
-134
In base 12, w